mmon divisor of 30 and k.
6
Let w be 1/(-4) - (-33)/(-12). Let c be (w + 34/4)*2. Calculate the highest common factor of c and 11.
11
Let y(m) = -m**2 + m + 7. Let r be y(0). Let i be (359 - -1)/4 + 0. Suppose c - 19 = -u, 5*c - c - i = 3*u. What is the greatest common factor of r and c?
7
Let v(t) = 37*t**2 + 4*t - 2. Let z be v(1). What is the highest common divisor of z and 273?
39
Let o be (-8 - -6)*3/(-2). Let x be (1 - -1 - o)*-19. Suppose -11 = -5*u + x. Calculate the greatest common factor of 18 and u.
6
Let z be (0 + 2)/(1/2). Let b be (-4 + 5)*(7 - 2). Suppose 2*j + 1 = -3, 14 = 3*k + b*j. Calculate the highest common divisor of z and k.
4
Suppose -4*n + 6*n = 68. Calculate the highest common divisor of 17 and n.
17
Let k be ((-63)/(-14))/((-1)/(-452)). Let r be k/27 - (-2)/(-6). What is the highest common divisor of r and 30?
15
Let x(v) = -v**3 - 7*v**2 - 3*v + 8. Let z be x(-6). Let c = -18 + 36. Let y = z + c. Calculate the greatest common divisor of 1 and y.
1
Let m be (-12)/3 + 1 + -5. Let a(g) = -5*g - 6. Let r be a(m). Calculate the greatest common factor of 51 and r.
17
Let g be (8 + -2)*(-24)/27*-66. What is the greatest common divisor of 32 and g?
32
Let v be ((-2)/4)/(5/40). Let r be v/8*43*2. Let b = -26 - r. Calculate the highest common factor of 119 and b.
17
Let w(r) = 3*r**2 + 5*r - 6. Let q be w(-5). Suppose 20 = 4*a, -6*k + q = -2*k + 4*a. What is the highest common divisor of k and 66?
6
Suppose -2*q + 135 = 3*q. Let w = q - 10. What is the highest common factor of 119 and w?
17
Suppose 4*m + 2 = 2*m. Let y be (m - 2)/((-2)/6). Calculate the greatest common divisor of y and 9.
9
Let z be (-8)/3*(-6)/4. Suppose q = -z*q + 25. Suppose 4*c + 147 - 37 = 5*j, c = -q*j + 135. Calculate the highest common divisor of 13 and j.
13
Suppose s + s + 3*t = 15, 0 = -3*s - 5*t + 23. Let d(j) = j + 1. Let a be d(s). What is the greatest common factor of a and 28?
7
Let q(k) = -k**3 - 4*k**2 + 4*k - 2. Let c be q(-5). Suppose 0 = -4*i + c*i - h, -15 = -i + 4*h. Calculate the highest common factor of 1 and i.
1
Suppose 9*f - 6*f - 72 = 0. What is the highest common factor of 3 and f?
3
Let n be 1/(-2) - (-63)/6. Let i = n + -8. Suppose i*j - 27 = 7. What is the greatest common divisor of 51 and j?
17
Let m = -29 + 41. Suppose 0 = -3*z + 9, -i - z - m = -0*z. Let k = 31 + i. Calculate the highest common factor of k and 48.
16
Suppose -411 = -6*k + 129. What is the highest common divisor of k and 6?
6
Let z(r) = 1 + r**3 - 11*r + 10*r**2 + 2 - 3*r. Let g be z(-10). What is the highest common factor of 13 and g?
13
Let p(b) = -b**3 + 5*b**2 - b - 3. Let y be p(4). Suppose 3 + 15 = n. Calculate the highest common factor of n and y.
9
Let s be (4/(-1) - -2) + 4. Suppose 3*a + 29 = 5*i, i - 3*a + s*a = 5. Calculate the highest common divisor of 1 and i.
1
Let n(d) = -50*d - 2. Let c be n(-1). Calculate the highest common divisor of c and 12.
12
Suppose 0 = 5*b - b - 340. Suppose 0 = w + g - b, 0 = 3*w + 5*g - 384 + 127. Calculate the highest common factor of w and 12.
12
Suppose 3*d + 18 = 3*q - 0*d, -3*q - 4*d - 10 = 0. Let p = 18 - q. Calculate the highest common factor of 24 and p.
8
Let l(z) = -z**3 + 5*z**2 - 2*z - 6. Let w be l(4). Suppose -6 = 5*r + 4*a, -3*a = r - 8*a - 22. What is the greatest common divisor of r and w?
2
Let n be (-39)/((3/(-4))/1). Let o(s) = 3*s - 5. Let m be o(6). Calculate the greatest common divisor of m and n.
13
Let j(u) = u**3 - 4*u**2 - 4*u - 2. Let n be j(5). Suppose -o = n*o - 96. Suppose -3*b + 19 + 29 = 0. Calculate the highest common divisor of o and b.
8
Suppose 2*v = 0, -3*z + 2*z - 66 = 3*v. Let x = -33 - z. What is the highest common factor of x and 22?
11
Let k = -1 + 6. Suppose 4*r = -3*l + 156, k*l + 2 = 3*r + 233. Suppose -3*x - 44 = -80. What is the greatest common divisor of x and l?
12
Let t be 2*1/3*3. Let a be 2/(t - 72/39). Let i be (12 - -1)/((-2)/(-22)). What is the highest common factor of a and i?
13
Suppose -16 = 4*f, 3*b - 5*f - 6 - 26 = 0. Suppose b*z - 7 = 9. Let o(y) = 3*y**2 + 4*y + 4. Let x be o(-4). Calculate the greatest common divisor of x and z.
4
Suppose -2*w + 16 = -3*w. Let s = -1 - w. Suppose 3*q = -z + 17, 3*z = -2*q - z + 8. Calculate the greatest common factor of s and q.
3
Suppose -5 = -i + 10. Suppose 74 = 3*l - 4. Suppose -c = -79 - l. What is the greatest common divisor of i and c?
15
Let s(a) = 6*a + 1. Let p = 4 + -5. Let x be s(p). Let r be 42/(2 + x)*-3. Calculate the highest common divisor of r and 6.
6
Let f be (-51)/7 - (-22)/77. Let d be (13 - f)/((-1)/(-4)). What is the highest common factor of d and 8?
8
Suppose 2*a = 4*a - 3*m - 90, -2*a = 3*m - 102. Suppose 0 = 2*z + 5*f - 21, 3*z + 0*f + 2*f - a = 0. What is the highest common divisor of z and 18?
18
Let v be 6 - 3*3/9. Suppose -5*c + v*i + 15 = -50, 5*i = 0. Calculate the highest common divisor of 91 and c.
13
Suppose 6 = f - 15. Suppose -s = 38 + 98. Let p = s - -283. Calculate the highest common divisor of p and f.
21
Let y(k) = 29*k**2 - 3*k + 2. Let i be y(1). What is the greatest common divisor of 42 and i?
14
Let n = -25 + 65. Suppose -3*i = 4*t - 34, i = t - 0 - 12. What is the greatest common divisor of t and n?
10
Let y = 10 - 37. Let u = y + 39. What is the highest common factor of u and 12?
12
Suppose 3*c - 5*y - 204 = 150, 3*y = 0. Let l be c/3 - (-2)/3. Suppose -h + l = 3*h. What is the highest common factor of 25 and h?
5
Let s(x) = -x**3 + 15*x**2 - 16*x - 22. Let t be s(13). Calculate the highest common divisor of 12 and t.
12
Let m(w) = w**2 - 5*w + 7. Let y be m(-5). Let i = y + -40. Let l(k) = -k**2 + k + 17. Let n be l(0). What is the greatest common divisor of i and n?
17
Suppose 3*k = 2*k + 6. Let f be k - (-3)/(-3 + 2). Let s = 16 - -8. Calculate the greatest common factor of f and s.
3
Let c = 0 + 4. Suppose -n = -c*n + 2*g + 6, -4*n + 28 = 4*g. Suppose -22 = -n*w + 3*r, 2*w = -r - r + 18. What is the highest common factor of 49 and w?
7
Suppose 0 = 3*h + v - 5*v - 200, 3*h - 2*v - 208 = 0. Calculate the greatest common factor of 9 and h.
9
Let f(n) = 26*n**3 + n**2 - 2*n + 1. Let o be f(1). Suppose 3*h - o = h. Calculate the greatest common factor of 65 and h.
13
Let w = -35 - -61. Suppose 5*d - w = 49. Calculate the greatest common factor of d and 60.
15
Suppose 0 = -2*g + 5*j + 23, -3*j - 55 = -4*g - 2*j. What is the highest common divisor of 42 and g?
14
Let h = 31 - 16. What is the greatest common divisor of 165 and h?
15
Suppose -u + f = 0, 0 = 6*f - 2*f - 8. Suppose 45 = 5*k + u*m, 3*m - 9 = -2*k - 2. Calculate the greatest common divisor of 55 and k.
11
Let t(n) = -4*n**2 - 2*n - 1. Let p be t(-1). Let b be (-15*(2 + p))/1. What is the highest common factor of 45 and b?
15
Let s(u) = u**3 - 1. Let w be s(2). Calculate the greatest common factor of w and 35.
7
Let r be (-12 - -3)*1/(-3). Suppose -r*o + 11 - 26 = -4*d, 5*o + 8 = d. What is the greatest common factor of 3 and d?
3
Let n = 20 + -9. Let k be 4*(-5)/20 - -56. Calculate the greatest common divisor of n and k.
11
Let w = -328 - -594. Calculate the highest common divisor of w and 38.
38
Suppose 2*i = -2 + 4. What is the highest common divisor of i and 3?
1
Suppose 2*p - 4*p + 58 = 3*w, 0 = w - 4*p - 10. Let j(g) = -g + 4. Let z be j(0). Let h be -18*(-3)/z*2. Calculate the highest common divisor of w and h.
9
Let c be (90/25)/(3/15). What is the greatest common factor of c and 162?
18
Suppose 0 = 2*s - 53 - 19. Calculate the highest common factor of 54 and s.
18
Let k = 89 + -56. What is the highest common factor of 33 and k?
33
Let g(x) = 4*x**3 + x**2. Suppose 6*m + 4 = 10*m. Let y be g(m). Let n be ((-2)/4)/((-2)/40). Calculate the highest common divisor of y and n.
5
Suppose -5*d + 68 = -4*d. Calculate the highest common factor of 17 and d.
17
Suppose -6*s = -2*s. Suppose 3*q - 6 = 0, -3*l + 5*q + 139 + 82 = s. Calculate the highest common factor of 11 and l.
11
Suppose 5*h - 182 = 38. Let a = h - 10. Suppose -3*z + 8 = -a. What is the highest common factor of 21 and z?
7
Let z = 8 - -86. Calculate the highest common factor of z and 47.
47
Suppose -q - 5*y = -0*y - 51, -4*y = -2*q + 116. What is the highest common divisor of 8 and q?
8
Suppose 4*f + 7 - 34 = -3*l, -33 = -5*f - 3*l. Calculate the 